hat is the remainder when 543892 is divided by 38?
36
What is the remainder when 973902 is divided by 23?
13
What is the remainder when 222654 is divided by 118?
106
What is the remainder when 4636 is divided by 4467?
169
Calculate the remainder when 1290 is divided by 1219.
71
Calculate the remainder when 7619 is divided by 33.
29
Calculate the remainder when 1149852 is divided by 35.
32
Calculate the remainder when 1909 is divided by 595.
124
What is the remainder when 4976 is divided by 19?
17
What is the remainder when 333449 is divided by 20838?
41
Calculate the remainder when 5482 is divided by 2719.
44
What is the remainder when 2225 is divided by 145?
50
Calculate the remainder when 11389 is divided by 456.
445
Calculate the remainder when 361800 is divided by 115.
10
What is the remainder when 27631 is divided by 2507?
54
Calculate the remainder when 11327 is divided by 135.
122
Calculate the remainder when 10042 is divided by 51.
46
What is the remainder when 176980 is divided by 555?
490
What is the remainder when 757067 is divided by 63?
59
What is the remainder when 4124735 is divided by 992?
991
Calculate the remainder when 247053 is divided by 291.
285
What is the remainder when 14109 is divided by 3241?
1145
What is the remainder when 154965 is divided by 77452?
61
Calculate the remainder when 48531 is divided by 11.
10
Calculate the remainder when 6582 is divided by 64.
54
What is the remainder when 67864 is divided by 245?
244
What is the remainder when 31556 is divided by 6?
2
What is the remainder when 29369 is divided by 2447?
5
Calculate the remainder when 703 is divided by 427.
276
What is the remainder when 3074 is divided by 5?
4
What is the remainder when 227549 is divided by 246?
245
What is the remainder when 28395 is divided by 347?
288
Calculate the remainder when 139522 is divided by 30.
22
Calculate the remainder when 10580 is divided by 1385.
885
Calculate the remainder when 4632 is divided by 1118.
160
What is the remainder when 5484094 is divided by 18?
16
Calculate the remainder when 2588 is divided by 267.
185
What is the remainder when 1404051 is divided by 871?
870
What is the remainder when 50997 is divided by 68?
65
Calculate the remainder when 18780 is divided by 853.
14
Calculate the remainder when 16250 is divided by 8101.
48
Calculate the remainder when 2794679 is divided by 315.
314
What is the remainder when 41019 is divided by 140?
139
Calculate the remainder when 657278 is divided by 10.
8
What is the remainder when 3280 is divided by 9?
4
Calculate the remainder when 2977762 is divided by 745.
742
What is the remainder when 782120 is divided by 487?
485
What is the remainder when 1690 is divided by 77?
73
What is the remainder when 646970 is divided by 15045?
35
What is the remainder when 5884 is divided by 733?
20
What is the remainder when 13283 is divided by 740?
703
What is the remainder when 13934 is divided by 56?
46
What is the remainder when 86753 is divided by 23?
20
Calculate the remainder when 231 is divided by 83.
65
What is the remainder when 139124 is divided by 322?
20
What is the remainder when 14935 is divided by 831?
808
Calculate the remainder when 756 is divided by 75.
6
What is the remainder when 1513 is divided by 292?
53
Calculate the remainder when 753333 is divided by 24.
21
What is the remainder when 9229 is divided by 2958?
355
Calculate the remainder when 53808 is divided by 47.
40
Calculate the remainder when 622727 is divided by 744.
743
Calculate the remainder when 14986 is divided by 1126.
348
Calculate the remainder when 4118 is divided by 1391.
1336
Calculate the remainder when 62372 is divided by 20787.
11
What is the remainder when 692471 is divided by 671?
670
What is the remainder when 16369 is divided by 747?
682
Calculate the remainder when 130478 is divided by 413.
383
Calculate the remainder when 18200 is divided by 855.
245
Calculate the remainder when 311698 is divided by 25.
23
What is the remainder when 361343 is divided by 946?
917
Calculate the remainder when 102849 is divided by 72.
33
Calculate the remainder when 15144 is divided by 5040.
24
What is the remainder when 1676 is divided by 685?
306
What is the remainder when 5276488 is divided by 114?
112
What is the remainder when 698887 is divided by 223?
5
What is the remainder when 2569 is divided by 83?
79
What is the remainder when 161969 is divided by 964?
17
What is the remainder when 3452 is divided by 392?
316
Calculate the remainder when 67689 is divided by 139.
135
What is the remainder when 11823 is divided by 25?
23
Calculate the remainder when 13493 is divided by 1682.
37
Calculate the remainder when 98673 is divided by 199.
168
Calculate the remainder when 4461 is divided by 346.
309
What is the remainder when 6907 is divided by 141?
139
What is the remainder when 5139203 is divided by 579?
578
What is the remainder when 48477 is divided by 24139?
199
What is the remainder when 116647 is divided by 380?
367
What is the remainder when 28941 is divided by 38?
23
Calculate the remainder when 16379 is divided by 18.
17
What is the remainder when 298727 is divided by 461?
460
What is the remainder when 325493 is divided by 321?
320
Calculate the remainder when 56463 is divided by 64.
15
Calculate the remainder when 95446 is divided by 19028.
306
Calculate the remainder when 1505 is divided by 152.
137
What is the remainder when 34809 is divided by 9?
6
What is the remainder when 5869 is divided by 337?
140
What is the remainder when 722414 is divided by 255?
254
What is the remainder when 2111 is divided by 100?
11
What is the remainder when 3807 is divided by 8?
7
Calculate the remainder when 235001 is divided by 235.
1
Calculate the remainder when 2571 is divided by 26.
23
Calculate the remainder when 25257 is divided by 523.
153
Calculate the remainder when 22701 is divided by 90.
21
What is the remainder when 930 is divided by 769?
161
What is the remainder when 236122 is divided by 6?
4
Calculate the remainder when 33112 is divided by 5463.
334
What is the remainder when 17675 is divided by 54?
17
Calculate the remainder when 26760 is divided by 22.
8
Calculate the remainder when 243982 is divided by 312.
310
Calculate the remainder when 4572 is divided by 16.
12
Calculate the remainder when 134618 is divided by 265.
263
What is the remainder when 5396 is divided by 284?
0
What is the remainder when 8434 is divided by 564?
538
What is the remainder when 54371 is divided by 243?
182
Calculate the remainder when 656 is divided by 104.
32
What is the remainder when 16884 is divided by 459?
360
Calculate the remainder when 7147 is divided by 784.
91
What is the remainder when 756648 is divided by 69?
63
Calculate the remainder when 93308 is divided by 46614.
80
What is the remainder when 6774 is divided by 139?
102
Calculate the remainder when 1570607 is divided by 16.
15
Calculate the remainder when 275707 is divided by 7.
5
Calculate the remainder when 82168 is divided by 27388.
4
What is the remainder when 132 is divided by 67?
65
Calculate the remainder when 15723 is divided by 1215.
1143
Calculate the remainder when 262235 is divided by 149.
144
Calculate the remainder when 112859 is divided by 198.
197
Calculate the remainder when 255177 is divided by 63788.
25
What is the remainder when 84247 is divided by 264?
31
Calculate the remainder when 43487 is divided by 8697.
2
What is the remainder when 5725 is divided by 800?
125
What is the remainder when 43500 is divided by 572?
28
What is the remainder when 1654 is divided by 74?
26
What is the remainder when 1705 is divided by 54?
31
Calculate the remainder when 59098 is divided by 15.
13
What is the remainder when 12163 is divided by 117?
112
What is the remainder when 7404 is divided by 19?
13
What is the remainder when 11511 is divided by 33?
27
Calculate the remainder when 7504 is divided by 2.
0
What is the remainder when 11936 is divided by 632?
560
What is the remainder when 3874 is divided by 714?
304
What is the remainder when 2742 is divided by 583?
410
Calculate the remainder when 59390 is divided by 2969.
10
Calculate the remainder when 19922 is divided by 266.
238
What is the remainder when 3813 is divided by 939?